omposite number?
False
Is 981739741 prime?
True
Is 27641316457 prime?
False
Is 12118442857 prime?
False
Is 20854475147 a prime number?
False
Is 894243709 composite?
False
Is 1384993471 a composite number?
True
Is 10174857881 prime?
True
Is 627624365 composite?
True
Is 21818460211 a composite number?
True
Is 1513619573 prime?
False
Is 32131016339 prime?
False
Is 415514750819 prime?
False
Is 165612441679 composite?
True
Is 1508235341 a prime number?
True
Is 95466361957 a prime number?
False
Is 3708893581 a prime number?
False
Is 40143478411 prime?
False
Is 8176078853 prime?
True
Is 23972039527 a prime number?
True
Is 1118335209 a composite number?
True
Is 9950290431 a composite number?
True
Is 11421463047 prime?
False
Is 4328748701 a composite number?
True
Is 603127457 prime?
False
Is 527871257 prime?
True
Is 128126299487 a composite number?
False
Is 871980917 a composite number?
True
Is 3255047063 composite?
False
Is 3266726873 a composite number?
True
Is 5782931573 composite?
True
Is 68465828383 a prime number?
True
Is 765828451 prime?
False
Is 612791117 prime?
True
Is 90714532931 prime?
False
Is 19373792281 prime?
True
Is 253734703 a composite number?
False
Is 1209908807 a prime number?
False
Is 34280009353 composite?
False
Is 77839190713 composite?
False
Is 163377310979 a prime number?
False
Is 150839686 prime?
False
Is 717668591 prime?
False
Is 37884893 a prime number?
True
Is 9228766145 a composite number?
True
Is 226060411 a composite number?
False
Is 942635845 composite?
True
Is 556030226 prime?
False
Is 20727263203 prime?
True
Is 975471395 a composite number?
True
Is 5022302419 a composite number?
True
Is 7005848789 prime?
False
Is 3116447491 prime?
False
Is 5669607439 a composite number?
True
Is 3464478023 a prime number?
False
Is 30730764641 prime?
False
Is 81225853 a prime number?
True
Is 5267205743 composite?
True
Is 3015305159 a composite number?
False
Is 147286470817 prime?
True
Is 3945412673 composite?
False
Is 101680747099 composite?
False
Is 2369424185 a prime number?
False
Is 89592783157 a composite number?
False
Is 1662148307 composite?
False
Is 8530874687 prime?
True
Is 201463450819 a prime number?
False
Is 57188027017 prime?
False
Is 121422811 composite?
True
Is 7897380745 composite?
True
Is 45152981 a composite number?
False
Is 4236308447 a composite number?
True
Is 99529366213 a composite number?
False
Is 975686923 composite?
False
Is 4837072469 prime?
False
Is 37650971177 a prime number?
False
Is 350098087 a prime number?
True
Is 350241653 a composite number?
False
Is 37975861699 a composite number?
False
Is 1877909987 prime?
True
Is 1924354217 a composite number?
False
Is 1620446197 a composite number?
False
Is 14650299707 a composite number?
False
Is 504857207 composite?
True
Is 16159813183 a composite number?
True
Is 3031157 prime?
True
Is 467027777 a prime number?
True
Is 5191877941 a prime number?
True
Is 965743319 a composite number?
False
Is 222649247 a composite number?
False
Is 575073227 composite?
False
Is 118498569539 a composite number?
True
Is 1279983997 prime?
True
Is 48811458989 a composite number?
True
Is 2550004291 a prime number?
False
Is 137755195 a composite number?
True
Is 557979293 prime?
True
Is 23056382281 a composite number?
False
Is 15483613463 composite?
False
Is 2701436077 prime?
True
Is 52246401791 a prime number?
False
Is 1453842613 composite?
False
Is 21636914483 a prime number?
False
Is 209843347 a prime number?
False
Is 1633655009 a prime number?
False
Is 1784060609 prime?
False
Is 27542208247 a composite number?
True
Is 4948352297 prime?
False
Is 536270381 a prime number?
False
Is 11819438341 a prime number?
False
Is 104557572313 a prime number?
False
Is 436150417 composite?
False
Is 108872111157 a prime number?
False
Is 10797463 composite?
False
Is 3367053751 a prime number?
True
Is 194623651181 a composite number?
False
Is 380045430823 prime?
False
Is 2203587899 a prime number?
True
Is 695873677 composite?
False
Is 699204257 a prime number?
False
Is 25198935547 a prime number?
False
Is 58641915149 a prime number?
False
Is 399445471 a prime number?
False
Is 3097233421 a prime number?
True
Is 515578229 a prime number?
True
Is 74423813 composite?
False
Is 2476567342 prime?
False
Is 233080164271 a prime number?
True
Is 23708665993 prime?
True
Is 541936961 prime?
True
Is 17144178869 a composite number?
True
Is 255554653 a prime number?
False
Is 1732101317 a composite number?
True
Is 5621076157 composite?
False
Is 438962549 a prime number?
True
Is 315983849 prime?
False
Is 36584545 prime?
False
Is 125459671 a composite number?
True
Is 43062233153 composite?
False
Is 4091421947 a composite number?
False
Is 19010547287 a composite number?
False
Is 35449057933 prime?
False
Is 5000651171 composite?
False
Is 7849661317 a composite number?
True
Is 13970905009 a prime number?
False
Is 30382336609 a prime number?
False
Is 5406058415 a composite number?
True
Is 892000163 composite?
True
Is 186783001 a composite number?
False
Is 302658437 composite?
False
Is 210474929 a composite number?
True
Is 3657548129 a prime number?
True
Is 4439916517 prime?
True
Is 4616366971 composite?
True
Is 30290888267 composite?
True
Is 474694397 a prime number?
False
Is 4249736437 prime?
True
Is 1581785921 prime?
False
Is 26654470337 a prime number?
False
Is 57565093 prime?
False
Is 23467602955 prime?
False
Is 12081205607 composite?
True
Is 1455403771 composite?
False
Is 602587410281 prime?
True
Is 238544179 a prime number?
True
Is 152289659 a prime number?
True
Is 198851987 a prime number?
True
Is 2155594699 composite?
True
Is 1038899167 a composite number?
True
Is 23434682653 a composite number?
False
Is 44472761 composite?
False
Is 3397342919 composite?
True
Is 11562917 composite?
False
Is 9506719631 a prime number?
True
Is 1441293859 composite?
True
Is 1649853241 prime?
False
Is 559687379 a composite number?
True
Is 2974017223 prime?
False
Is 2091653341 prime?
False
Is 613559311 prime?
True
Is 2805503639 prime?
False
Is 17132090047 composite?
False
Is 2206307399 composite?
False
Is 7372131121 prime?
False
Is 3229300727 a prime number?
True
Is 633074303 a prime number?
True
Is 1088612101 a prime number?
False
Is 17554841429 prime?
True
Is 4553813101 composite?
False
Is 12557710313 composite?
False
Is 757852543 a composite number?
True
Is 4623358133 a composite number?
True
Is 1988302859 composite?
True
Is 1244819893 a prime number?
True
Is 16694550721 prime?
False
Is 922940219 composite?
True
Is 4966261877 composite?
True
Is 88884026761 a prime number?
True
Is 141966593759 prime?
True
Is 11292295681 a prime number?
False
Is 510953483 composite?
False
Is 20035844747 prime?
False
Is 19752075377 composite?
True
Is 1196197118 a prime number?
False
Is 1764399597 prime?
False
Is 395753699 a prime number?
False
Is 2300008313 prime?
True
Is 112040084743 a composite number?
False
Is 6394556801 prime?
True
Is 2767184279 composite?
True
Is 28870731557 composite?
False
Is 6047388359 a prime number?
False
Is 1715508787 a composite number?
False
Is 1791912989 a prime number?
True
Is 1929916337 a composite number?
True
Is 66494684707 a composite number?
True
Is 54867347363 prime?
False
Is 49444856213 prime?
False
Is 198681779 a prime number?
True
Is 3580111819 composite?
False
Is 1178452571 composite?
True
Is 15962657567 composite?
True
Is 77376456163 a composite number?
True
Is 258220825529 prime?
True
Is 5548081789 a composite number?
False
Is 7121871349 a composite number?
False
Is 21420630193 a prime number?
True
Is 54811157 a prime number?
False
Is 41254199 a composite number?
True
Is 422706131 prime?
False
Is 8877142619 composite?
False
Is 197752412309 a composite number?
False
Is 656152513 prime?
True
Is 9530581213 composite?
False
Is 47032614523 a composite number?
False
Is 4163599747 a prime number?
True
Is 2023330129 a composite number?
True
Is 25894711541 a prime number?
False
Is 28925681371 prime?
False
Is 2493179233 prime?
True
Is 11974042631 a composite number?
True
Is 3624610642 prime?
False
Is 265923863 a composite number?
False
Is 9590119909 a composite number?
False
Is 9095127941 a composite number?
False
Is 1541824247 composite?
False
Is 2200345783 a prime number?
True
Is 9787720601 prime?
True
Is 8467341193 c